ose 21 = -3*r + 4*r. Suppose 3*z - 2*q + r = -5*q, 0 = 4*z - 3*q + 14. Let a = 0 - z. List the prime factors of a.
5
Let m(g) be the third derivative of g**5/60 - 5*g**4/24 - 3*g**3/2 - g**2. Let p(k) = -k - 9. Let w be p(-16). What are the prime factors of m(w)?
5
Let n(d) = 2*d**2 + 4*d - 13. Let o be n(-8). Let v = o + -50. List the prime factors of v.
3, 11
Suppose 5*r = -4*b + 40 + 1, -2*r = -10. Suppose -b*l + 7*l - 60 = 0. List the prime factors of l.
2, 5
Suppose -w - 2*t - 4 = -0*t, -3*t - 6 = -3*w. Suppose w = 2*p - 18 - 2. List the prime factors of p.
2, 5
What are the prime factors of (-6)/(-9) - 320/(-15)?
2, 11
Let b be (22/6 + -2)*-3. Let v(p) = 3*p - 8. Let m(x) = -2*x + 5. Let s(o) = b*v(o) - 7*m(o). List the prime factors of s(-5).
2, 5
Suppose -81 = -0*i - 3*i. What are the prime factors of i?
3
Let d(b) = -2 - b + 2*b + 0. Let j be d(0). What are the prime factors of (-2 - j)/(-1) + 2?
2
Let z = -450 + 118. What are the prime factors of 6/(-33) - z/11?
2, 3, 5
Let u = -15 + 9. List the prime factors of (u - -3)*8/(-3).
2
Let x(f) = f**3 + 7*f**2 + 6*f - 6. Let r(w) = -w + 3. Let o be r(8). What are the prime factors of x(o)?
2, 7
Let p = -60 - -84. What are the prime factors of p?
2, 3
Suppose 17 = 4*q - 3*h + 6*h, 0 = 3*q + 5*h - 10. Let a be 2/6 - 14/(-3). Suppose q*i - 45 = -a*n, n - 5*n + 38 = 5*i. What are the prime factors of n?
7
Let z(q) = q + 5. Let n(x) = -x - 6. Let c(k) = 2*n(k) + 3*z(k). Let p = -3 - -8. List the prime factors of c(p).
2
Let m(j) = -j**3 - j**2 + 6*j + 5. Let s be m(-5). Suppose -5*q + 22 + 68 = z, -s = -5*q + 2*z. What are the prime factors of q?
17
Suppose 0 = -5*g - 5 + 15. Let r = 1 - g. Let d = r - -3. What are the prime factors of d?
2
Suppose 6 = -7*l + 4*l. Let a be l + 2 - -1 - -1. Suppose -68 = -6*g + a*g. List the prime factors of g.
17
Let m = 283 + -183. What are the prime factors of -16*(m/8)/(-5)?
2, 5
Suppose -297 = -8*b + 6*b + 3*g, -138 = -b + 5*g. List the prime factors of b.
3, 17
List the prime factors of ((-40)/32)/((-1)/28).
5, 7
Let z(b) = -b - 6 - 6*b + 2*b - 2*b. List the prime factors of z(-4).
2, 11
Let o = 4 + -1. Suppose -o*z + 58 = -z. Suppose 0 = -r - r - 3*h + z, -5*h + 55 = 4*r. What are the prime factors of r?
2, 5
Let d(g) = 7*g**3 + g**2 + g - 2. Let w = -5 + 4. Let z(r) = r**3. Let b(j) = w*d(j) + 6*z(j). What are the prime factors of b(-2)?
2
Let r = -26 - -28. Suppose -4*l + 58 = 2*j, 0*l + 41 = j - r*l. List the prime factors of j.
5, 7
Let y(w) = w**2 - 5*w + 4. Let h be y(4). Suppose -n + h*n - 63 = -5*d, 6 = 3*n. Suppose -5*f + d = -7. List the prime factors of f.
2
Let o = -5 + 18. Suppose -2 = -4*q - 2*g, 9*g + o = -4*q + 4*g. What are the prime factors of q?
3
Let c be 1/1*(-2 + 1). What are the prime factors of ((-20)/(-8))/(c/(-2))?
5
Let p be 38 + (-3 + 5 - -1). Let k = -25 + p. What are the prime factors of k?
2
Suppose -4*u = -4*q - 188, 0 = u - 2*u - 4*q + 37. What are the prime factors of u?
3, 5
Let q be (-6)/15 - 317/(-5). Let v = q - 41. What are the prime factors of v?
2, 11
Suppose -10*j + 24*j = 3402. What are the prime factors of j?
3
Suppose 4*v + 5*m + 42 - 9 = 0, 2*m + 6 = 2*v. Let s be 0/(v - -1 - 1). List the prime factors of (s + 0 + -3)/(-1).
3
Let f be 24/14*28/8. Suppose v = -q - 2 + f, q - 12 = -5*v. List the prime factors of v.
2
Let h(p) = -3*p + 12. Let i be h(4). Suppose 69 = 5*m + 5*s - 46, 3*m - 4*s - 34 = i. List the prime factors of m.
2, 3
Suppose -5*j = -174 - 201. List the prime factors of j.
3, 5
Suppose i - 26 = 5*o - i, -4*i - 8 = 0. Let n be 10 - (8 + -4) - -2. Let v = n - o. List the prime factors of v.
2, 7
Let o = 7 + -7. Let s be -2 + (-28)/(o + 2). Let v = s - -33. List the prime factors of v.
17
Let n(v) = 4*v**2 + 3*v**2 + 7*v + 5 - 8*v**2. What are the prime factors of n(7)?
5
Let o(l) = 3*l - 16. Let j be o(7). Suppose -14*c = -15*c + j. What are the prime factors of c?
5
Let f(s) be the second derivative of s**4/4 + 5*s**3/6 - 2*s**2 - 6*s. What are the prime factors of f(-3)?
2
Let b = 74 + 2. List the prime factors of b.
2, 19
Let u be -2 + ((-4)/2 - -8). Let x = 13 - u. What are the prime factors of x?
3
Suppose 5*p = -48 + 58. What are the prime factors of p?
2
Let z(o) = -2*o + 2 - 9*o**3 - 5*o**2 + 8*o**3 - 4. What are the prime factors of z(-5)?
2
Let l be 5/(-2) - (-3)/(-6). Let q be (0 - 1) + (-15)/l. List the prime factors of q*((-18)/(-8) + 0).
3
Suppose 3*t = 2*t - 2*a + 66, -2*a - 294 = -5*t. Suppose -5*u = -65 - t. What are the prime factors of u?
5
Suppose 4*o - 3*s = -6*s + 126, -s = 4*o - 130. List the prime factors of o.
3, 11
Suppose -5*t = 2*u - 84 + 34, 4*t = -8. Let w be 4/6*3*5. Suppose -4*m + u = w. List the prime factors of m.
5
Suppose 0 = -4*v + v + 147. What are the prime factors of v?
7
Let j = 6 - 3. Suppose 0*r = -j*r + 9. List the prime factors of r.
3
Let o = -466 + 676. What are the prime factors of o?
2, 3, 5, 7
Suppose 26 = b - 5*w, 2*b = 4*w + 36 - 8. Suppose -3*o + 4*o = b. List the prime factors of o.
2, 3
Suppose -2*n = 3*n - 35. Suppose -4*v + n = 2*j - 45, -v - 95 = -4*j. List the prime factors of j.
2, 3
What are the prime factors of (176/(-20))/(2/(-10))?
2, 11
Suppose 3*u = -5*i + 48, -u - i = -2*u + 24. Let f = u - 13. List the prime factors of f.
2
Let w(u) = -4*u**3 - 2*u**2 - 2*u + 2. List the prime factors of w(-2).
2, 3, 5
Let z be (18/(-4))/(3/(-4)). Suppose 5*m = -2*h + 10, 3*h = -0*m + 3*m - z. List the prime factors of -1*(-2 + h - 0).
2
Let c be (-3 - -5)*(3 + -1). Let t(r) = 3*r + 4. Let z be t(c). Suppose 24 = 5*v - z. List the prime factors of v.
2
Suppose -j - 200 = -3*j. Suppose j = 4*r + 8. List the prime factors of r.
23
Suppose 17 = -3*j + 4*j. Let v be ((-8)/(-4) - -1)*-1. Let s = j - v. What are the prime factors of s?
2, 5
Let u(a) = -a. Let n be u(0). Suppose r + r = 3*j - 64, n = -5*j - 10. What are the prime factors of (-10)/r + 40/7?
2, 3
Suppose 0 = -3*v - 3*p + 30, 2*v - 12 = -4*p + 6*p. List the prime factors of v.
2
Let g = 221 + -112. What are the prime factors of g?
109
Suppose -92 = -5*g + 103. Suppose -2*q = q - g. What are the prime factors of q?
13
Let d = -2 + 6. Suppose -d*n - 49 + 193 = 2*f, 142 = 4*n + 3*f. List the prime factors of n.
37
Let b(c) be the third derivative of c**4/12 + c**2. What are the prime factors of b(9)?
2, 3
Let u = -111 + 187. List the prime factors of u.
2, 19
Let y(v) = 3*v - 3. Let g be y(-13). Let k = 79 + g. List the prime factors of k.
37
Let x(j) = -j**2 + 12*j - 6. What are the prime factors of x(5)?
29
Let b(h) = -h**2 - h + 1. Let y(j) = -30*j**3 + 4*j**2 + 3*j - 4. Let z(n) = 3*b(n) + y(n). Let m be z(1). Let d = m + 42. List the prime factors of d.
2, 3
Let z be -1 + 2 - 1 - -4. Let k be (-30)/(-4)*z/6. Suppose 4*x - 8 = -2*j + 5*j, x = -k*j + 2. What are the prime factors of x?
2
Let k(y) = -3*y + 5. Let c(i) = 2*i**2 - 3*i - 4. Let a be c(4). Suppose -d - 3*d - a = 0. List the prime factors of k(d).
17
Suppose 21 + 6 = 3*u. Suppose -2*b + u + 3 = 0. List the prime factors of 32/b - (-6)/9.
2, 3
What are the prime factors of -1*1/(1/(-149))?
149
Let n = 3 + 2. Let f = 23 - n. What are the prime factors of f?
2, 3
Suppose 96 = 7*o - 3*o + i, -5*o + 131 = 4*i. List the prime factors of o.
23
Suppose -138 + 48 = -3*g. Suppose d - 7 = 2*k - 43, 2*d - g = -2*k. List the prime factors of k.
17
Let p be (-1)/(-2)*(-17 + -3). What are the prime factors of (-86)/(-4) - 5/p?
2, 11
Suppose -3*f = -4*r - r + 43, 4*r - f - 40 = 0. Let a be 2*((-7)/(-2))/(-1). Let n = a + r. What are the prime factors of n?
2
Let d = 27 - 19. Let s = 13 - d. List the prime factors of s.
5
Let o(d) = -9*d - 12. List the prime factors of o(-6).
2, 3, 7
Let r(h) = -h**3 + 13*h**2 - h + 8. Let p be r(13). What are the prime factors of (-4)/(-10) + (-248)/p?
2, 5
Let y(u) = u**2 + 12*u + 5. What are the prime factors of y(-15)?
2, 5
Suppose -5*l = u + 4, 4*l - l + 3*u + 12 = 0. Suppose -w + 31 = 2*w - 5*y, -4*w - 4*y - 12 = l. List the prime factors of 63/6 - (-1)/w.
11
Suppose -2*j + 0 = -10. Suppose -j*g + 8 = -2. Suppose 3*v + 5*i - 15 - 17 = 0, 0 = -2*v + g*i + 48. List the prime factors of v.
19
Let l(m) = -m**3 + 8*m**2 + m - 2. Let c be l(8). Suppose -c*r + 81 = -213. List the prime factors of r.
7
What a